uppose -57 - 69 = -3*h. What is the units digit of h?
2
Let k = -238 - -339. What is the units digit of k?
1
Let v(x) = x**3 - 8*x**2 - x + 10. Let l be v(8). Suppose 3*n + 2 - 20 = -l*f, -3*f = 0. Suppose -n = -q - 0*q. What is the units digit of q?
6
Suppose -5*u = -n + 2*n - 140, -4*n = -4*u - 632. Suppose -x = -6*x + n. What is the units digit of x?
1
Let u(f) = -f**3 + 4*f**2 - 4*f + 3. Let y be u(2). Suppose 0 = -y*z + 2 + 25. What is the units digit of z?
9
Let r(g) = -g**3 + 7*g**2 + g - 2. What is the units digit of r(6)?
0
Let s(a) = a**2 - 5*a - 6. Let c(o) = -o**2 - 7*o + 1. Let v be c(-6). What is the units digit of s(v)?
8
Let z = -16 + 19. Suppose z*d = 2*l - 47, 0 = 5*l - 2*d - 36 - 109. What is the units digit of l?
1
Let l(g) = 2*g + 7*g**2 + 0*g**2 + 8 + 2*g**2 + 2*g**3 - 3*g**3. Let z be l(9). What is the units digit of 4*(z/8 + -3)?
1
Let q = -16 + 59. What is the units digit of q?
3
Suppose -5*c + 4*i - 25 = -0*i, c = -5*i + 24. Let g = -5 + c. Let u(k) = -k**3 - 6*k**2 + 4. What is the units digit of u(g)?
4
Suppose -5*o - 82 = -227. What is the tens digit of o?
2
Suppose -72 = 2*w - 4*q, 2*w + 68 + 4 = q. Let m = 63 + w. What is the tens digit of m?
2
Suppose y + m - 21 = 0, 4*m - 8*m = 5*y - 110. Suppose y = 3*k + 77. Let f = k - -28. What is the units digit of f?
1
Suppose -13 = -f - 0*g - 2*g, -5*g = -20. What is the units digit of f?
5
Let o(m) = m**2 - 10*m - 1. What is the units digit of o(-5)?
4
Let j = -7 + 10. Suppose 3*w = -4*n - w - 40, 0 = j*w - 6. What is the units digit of n/(-20) + (-104)/(-10)?
1
Let p(c) = 8*c - 18. Let t be p(-8). Let r = t + 121. What is the tens digit of r?
3
Suppose 4*f = f + 42. What is the tens digit of f?
1
Suppose -4*d = -158 - 418. What is the units digit of d?
4
What is the tens digit of (3*5/(-3))/((-1)/16)?
8
Let v be (1 + 3/(-5))*15. Let a be 2/(-4)*(v - 10). Suppose 0 = a*b - 10 - 10. What is the tens digit of b?
1
Suppose 5*s - 5 + 0 = 0. Let t be s*3/(-6)*-4. Suppose u - t = 7. What is the units digit of u?
9
What is the units digit of 4 + -7 - (2 - 59)?
4
Suppose 1 = -3*g - 5. What is the units digit of g*(3 + 60/(-8))?
9
Suppose 2*f + 3*f + 3 = -z, -z + 32 = -2*f. Let t = -8 + z. What is the units digit of t?
4
What is the tens digit of (-3)/7 + 290/7?
4
Let f(j) be the first derivative of 8*j**3/3 - j**2/2 + 4. What is the tens digit of f(-2)?
3
Let u(r) = -r**3 - 5*r**2 + r + 3. Suppose -3*t = -5*t - 12. Let k be u(t). Suppose 5*a - 22 = k. What is the tens digit of a?
1
Let x(p) = 2*p**2 + p - 18. What is the units digit of x(-8)?
2
Suppose 5*y = -2*u + 45, 4*y - y = -u + 26. Suppose 0 = 3*p - 5 - y. Suppose -i + p = -7. What is the tens digit of i?
1
Let n(x) = x**2 + x + 16. What is the units digit of n(7)?
2
Suppose 0 = 4*d + 19 - 3. Let t be (4/(-5))/(4/(-30)). Let z = d + t. What is the units digit of z?
2
Let c = 11 - 6. Let b = c + 11. What is the tens digit of b?
1
Let v be (-2)/(-5) + (-808)/(-5). Let g be (-2)/5 + v/30. Suppose s - g = 12. What is the units digit of s?
7
Let c(s) = 2*s**3 - s**3 + 7*s**2 - 3*s - s + 2. Let r be c(-7). Suppose r + 10 = 5*h. What is the units digit of h?
8
Suppose 2*q = q + o + 47, q - 3*o - 49 = 0. What is the units digit of q?
6
Let y = 312 - 74. What is the units digit of y?
8
Let t(c) be the first derivative of c**4/4 - c**2/2 + 20*c + 4. What is the units digit of t(0)?
0
Let l = -23 - -19. What is the tens digit of 2*l/(-8)*10?
1
Suppose 0 = z - 12 - 8. What is the tens digit of z?
2
Let a = 0 + 9. What is the units digit of a?
9
Suppose 6*x = x - 4*p + 236, -4*x = 2*p - 190. Suppose x = t + 3*t. What is the tens digit of t?
1
Let n(r) = 2*r**2 + 9*r + 1. What is the units digit of n(10)?
1
Let q(a) = 2*a**2 - 2*a - 4. Let d be q(3). Suppose -d + 2 = -x. What is the units digit of x?
6
Suppose 5*p - 271 = 294. What is the units digit of p?
3
Let m(p) = -p**2 - 4*p. Let a(u) = u**2 + 8*u - 1. Let j(q) = -2*a(q) - 5*m(q). Let t be j(-2). What is the units digit of (-78)/(-18) - 2/t?
4
Let q be (-1)/3 + 4/(-6). What is the units digit of 4*q*18/(-12)?
6
Suppose 2308 = 20*i - 1172. What is the units digit of i?
4
Suppose -4*x + 8 = 3*m, -5*m + 2 = -2*x + 6. Suppose m = 4*j + 3*a - 35, j - 1 = 2*a + 5. What is the units digit of j?
8
Let d be -1*5*12/10. Let y = 8 + d. What is the units digit of y?
2
Suppose 88 = -3*r + 238. What is the units digit of r?
0
Let f = -109 - -220. What is the hundreds digit of f?
1
Suppose 40 - 3 = -p. Let s be -2 + 58 + (-6)/3. Let j = s + p. What is the tens digit of j?
1
Let i(z) = -z + 6. Let k be i(-8). Let n be k - ((2 - -3) + -3). Suppose 2*q + n = 3*u + 39, 2*q = 5*u + 29. What is the units digit of q?
2
What is the tens digit of (-21)/(-14)*(-94)/(-3)?
4
Let o = -4 + 9. Suppose 0 = o*y + s - 203 + 9, -155 = -4*y - s. What is the units digit of y?
9
Suppose 4*p = -4*w - 32, 3*w - 2 = 2*p + 4. Let l(o) be the second derivative of o**5/20 + 7*o**4/12 + o**3/2 - 3*o**2 - 5*o. What is the units digit of l(p)?
2
Let u = 45 - 36. What is the units digit of u?
9
Let k = 44 - 7. What is the units digit of k?
7
Let l(w) be the first derivative of -w**4/24 + 4*w**3/3 - w**2 - 1. Let d(j) be the second derivative of l(j). What is the units digit of d(0)?
8
Suppose -8*m - 6 + 38 = 0. Let s be -1*0/(-1) + 65. Suppose m*x = s + 15. What is the tens digit of x?
2
Let p(w) = 5*w**2 + 3*w + 1. What is the units digit of p(-3)?
7
Let n = -7 + 11. What is the units digit of (1/(-2))/(n/(-40))?
5
Suppose -1 = 3*m - 4*g + 13, 12 = m + 2*g. Let p(q) = -4*q**2 - 2 + 4*q**2 + q + 2*q**2 - q**m. What is the units digit of p(2)?
4
Let a = -3 - -3. What is the units digit of -18*(3/(-6) + a)?
9
What is the units digit of (-6)/33 - (-105)/33?
3
What is the tens digit of (40/(-4))/((-4)/12)?
3
Suppose -h - 36 = -3*h. What is the tens digit of h?
1
What is the tens digit of 3*2/(-2)*(-124)/3?
2
Suppose 2*q + 241 = 3*c, -3*c + 2*c = -3*q - 78. What is the units digit of c?
1
Suppose 3*o + 4*c - 468 = 0, 4*c - 42 - 106 = -o. What is the units digit of o?
0
Suppose 0*q = -4*q - 4. Let y(k) = -2*k - 9. Let g be y(-7). What is the units digit of (16/(-10))/(q/g)?
8
Let n(s) = s**2 + s - 2. Let t be n(-3). Suppose 3*o - t*o + 13 = 0. What is the units digit of o?
3
Suppose 0*q - 21 = -3*q. What is the units digit of q?
7
Suppose -2*v - 22 = -k, 0*v - 22 = 3*v + 4*k. Let j = -7 - v. What is the units digit of j?
3
Let l = 137 - 80. What is the tens digit of l?
5
Let j(l) = 3*l**2 - 2*l - 1. Suppose -3 = -4*n + 1. Suppose -4*s - 5 = -n. What is the units digit of j(s)?
4
Let k = -7 + 7. What is the units digit of (k + -9)/((-6)/6)?
9
What is the tens digit of (-5)/(0 - -5)*-14?
1
Let s(a) be the first derivative of 3*a**4/4 + a - 2. Let l be s(1). Suppose 0 = -3*t - l*h + 18, -h = -5*t + 3*t + 1. What is the units digit of t?
2
Suppose -20*c + 825 = -15*c. What is the tens digit of c?
6
Let n(u) = -u**2 + 8*u - 8. Let l be n(6). Suppose -5*b - 2*o + o + 7 = 0, -l*b + 8 = 2*o. What is the units digit of b/(-2 + 31/15)?
5
Let y(q) = -q**3 - 4*q**2 - 4*q - 4. Suppose 4*x = -v - 0*x - 12, -3*v - 16 = 2*x. What is the units digit of y(v)?
2
Let b be (-3)/((-6)/9 + 1). Let f be 8/3*b/(-3). Suppose x = -x + f. What is the units digit of x?
4
Suppose -4*c = j - 6 - 2, 5*c = -4*j + 21. What is the units digit of j?
4
Let j = 351 - 107. What is the tens digit of j?
4
Let r = 13 + -8. Let x = r + -2. What is the units digit of x/(4/((-48)/(-9)))?
4
Suppose -4*u + z - 3*z = -246, -5*z = -4*u + 239. What is the tens digit of u?
6
Let b(v) = v**2 + 5. Let u be b(0). Suppose 5*z - z = 8, 3*z + 9 = u*j. Suppose 5*a = -5*y + 35, 20 = 3*a + j*y - y. What is the units digit of a?
6
Let n(a) = -2*a**2 - 5*a - 1. Let q be n(-4). Let y = -25 - q. What is the units digit of ((-1)/(-3))/((-4)/y)?
1
Suppose 4*n = 10 + 6. Suppose 46 = 2*a + n. What is the units digit of a?
1
Let v(g) = g**3 + 4*g**2 - 5*g + 3. Let s be v(-5). Let c be (s/(-9))/(1/(-12)). Let j(z) = z**2 - 3*z. What is the units digit of j(c)?
4
Let m = 13 - -37. What is the tens digit of m?
5
Let r = -1 - 1. Let f = r - -6. Suppose n - f = -n. What is the units digit of n?
2
Let z(q) = -q**3 + 6*q**2 - 6*q + 5. Let v be z(5). Suppose -6*m + m + 120 = v. What is the tens digit o